e q + 19 = -3*u + 32, -3*u = -2*q - 28. Let x = -3 + 5. Let n(i) = -4*i**3 - 2 + i - 2*i + 5*i**3 - 4*i**x - u*i. What is n(5)?
-12
Let d = 72 - 40. Suppose -5*n + d = -3*n. Let p(f) = -9 + 5*f + n - 6. What is p(-1)?
-4
Let q(x) = 3*x**3 - 9*x**2 + x + 5. Let j(n) = -23*n**3 + 64*n**2 - 8*n - 38. Let l(c) = -2*j(c) - 15*q(c). Calculate l(-6).
31
Suppose 28*a - 27*a - 24 = -4*b, 0 = 2*a. Let u(l) be the first derivative of 5*l**2/2 - 34*l - 23. Calculate u(b).
-4
Let c(x) be the third derivative of -35*x**4/24 + 2*x**3/3 + 314*x**2. Let l = -8 - -6. Let q(k) = -12*k + 1. Let y(t) = l*c(t) + 7*q(t). Calculate y(-2).
27
Let n(t) = 7*t**2 - 33*t - 22. Let x(s) = 5*s**2 - 25*s - 17. Let z(b) = 8*n(b) - 11*x(b). Determine z(-6).
-19
Let d(f) = f**3 - 5*f**2 + 5*f - 5. Let t be d(4). Let z(g) be the first derivative of -43 - 1/2*g**2 - g - 1/3*g**3 + 1/2*g**4. Calculate z(t).
-3
Let j(i) = i**2 + i - 7. Let u(b) = b**3 + 25*b**2 + b + 20. Let x be u(-25). Let t = -68 + 68. Let v be t/(6*x/10). What is j(v)?
-7
Let x(f) = -2*f**2 - 14*f - 11. Let u = 414 + -420. What is x(u)?
1
Let m(k) = 3*k - 10. Let j(g) = 2*g - 11. Let s(q) = -4*j(q) + 5*m(q). Let w(d) = 37*d - 31. Let l(a) = 11*s(a) - 2*w(a). Give l(3).
5
Let r(k) = k + 5. Let p be (30/(-15)*-2 + (-3 - 0))*-1. Determine r(p).
4
Let r be 49/28 + ((-18)/(-8) - 2). Suppose -2*u + 1 = -3. Let f(t) = -2 + t**3 + 3 - u - t + 2*t**r. Give f(-2).
1
Let b(l) = -26*l**3 + 5*l - 16*l**2 - 22*l**3 + 3 + 20*l**2 + 49*l**3. Calculate b(-3).
-3
Let i(b) = -b**3 - 8*b**2 - 9*b + 3. Suppose -258 = 31*o - 22 - 19. Calculate i(o).
17
Let v(h) = -22465*h + 93 + 11234*h + 11233*h. What is v(0)?
93
Let a = 2994 + -2986. Let g(p) = -17*p + 141. What is g(a)?
5
Let g(d) = -7*d - 11. Let s be ((-91)/(-364)*(-8)/3)/(2/6). Give g(s).
3
Let r(q) = -130*q - 62. Let p(d) = 329*d + 123. Let w(k) = -2*p(k) - 5*r(k). What is w(11)?
-24
Let d = -10377 + 62263/6. Let j(z) be the second derivative of 1/2*z**2 + 0 + d*z**4 - 4*z + 0*z**3 + 1/10*z**5. Give j(-2).
-7
Let g(h) = h**3 - 7*h**2 + 9*h + 9. Let d be ((-50)/60)/(25/(-150)). Calculate g(d).
4
Suppose -536 = -11*g + 33*g - 888. Let t(p) = -2*p**2 + 32*p + 10. Calculate t(g).
10
Let b(d) = 2*d**3 - 7*d**2 - 6*d + 13. Let y = -4839 + 4843. Calculate b(y).
5
Let p(k) = -4*k - 2. Let f(w) = -w - 20. Let a be f(5). Let s(c) = c**3 + 25*c**2 - 5. Let d be s(a). Calculate p(d).
18
Let k(h) = -8*h + 4. Let w(p) = -9*p + 3. Suppose -l + 5*o - 5 = 3*o, -2*o - 4 = 2*l. Let z(a) = l*w(a) + 2*k(a). What is z(-1)?
-12
Suppose d + 4 = -1. Let y = 361 - 358. Let x(w) = -3*w + 13*w + 1 + w**2 - y*w. Give x(d).
-9
Let x(l) = 2*l + 10. Let w = 2920 + -2907. Give x(w).
36
Let v(r) = 5*r**2 - 2*r + 1. Let c be v(1). Let o(w) = 2087 - 3*w**2 - 4*w + 4*w - 2089 - 2*w + w**3. Calculate o(c).
6
Let s(d) = -2*d. Let u = 62 + -56. Let t(w) = -5*w**2 + 10*w - 25. Let k be t(u). Let q = 142 + k. Give s(q).
6
Let o(y) = -2*y**3 - 2*y**2 - 16*y + 17. Suppose 0 = -39*f - 224 + 263. Give o(f).
-3
Let g(c) = c**3 - 7*c**2 + 7*c - 1. Let h = -2739 - -2744. Calculate g(h).
-16
Let l be (2 + -4)*3*(-6)/36. Let d be l + -4 + 4 + 4. Let k(g) = -g**3 + 6*g**2 - 3*g - 7. Give k(d).
3
Let k(m) = 2*m**2 + 6*m. Let s(b) = -b - 1. Let w(i) = -k(i) - 3*s(i). Let t = 0 - -18. Let z = t + -21. Determine w(z).
-6
Let h be (1 + -2)/(2 - 2907/1449). Suppose -166*d + h*d = -10. Let y(a) be the first derivative of a**2 - a - 3. Calculate y(d).
3
Suppose -4*w = -32, -55*v - 2*w = -57*v - 28. Let f(g) = 2*g**2 - 4*g - 3. What is f(v)?
93
Suppose g + 19*g = -40612 + 40612. Let b(m) be the third derivative of m**4/24 + 4*m**3/3 - m**2. What is b(g)?
8
Let n be 16/(-128) + (-130)/(-16). Suppose -15 = n*q + 9. Let c(k) = k**3 + 3*k**2 - 3. Determine c(q).
-3
Let h be 801 + -37 + (-2 - (-1 - 1)). Let w = h + -761. Let b(k) = 2*k**2 + 3*k. Calculate b(w).
27
Let g(x) be the third derivative of x**6/60 + x**3/6 - x**2. Suppose -107*w + 18*w = 28 + 61. Calculate g(w).
-1
Let i(n) = -n**2 - n + 10. Let g be (6/3)/((-40)/(-12) - 4). Give i(g).
4
Let n = -25 + 8. Let s = -25 - n. Let p(q) be the third derivative of -q**5/60 - 7*q**4/24 + 4*q**3/3 - q**2. Give p(s).
0
Suppose -118 = 15*m - 973. Let o = -63 + m. Let z(x) = x - 2. Determine z(o).
-8
Let c(l) = l**3 + l**2 + 34*l + 115. Let b be c(-3). Let x(i) = -i**3 - 4*i**2 + 7*i + 6. Calculate x(b).
-4
Let a(t) = -8*t**2 - 3*t + 1. Suppose -130*v = 149*v + 51*v + 660. What is a(v)?
-25
Let d(x) = -x**2 + 4. Let f(n) = 4*n + 28. Let y(b) = 2. Let h(l) = f(l) + 8*y(l). Let q be h(-11). What is d(q)?
4
Suppose h = -h - 14. Let n(k) = 11*k - 6 - 8789*k**2 + 8791*k**2 + 6 + 4 + 1. Calculate n(h).
26
Let b(p) = -4*p + 9. Let a be b(6). Let x = 15 + a. Let q(u) = u + 4*u + 1 + 4*u + x*u. Give q(-1).
-8
Let d(f) = -9*f**3 + 3*f**2 - 2*f. Let t(c) = c**3 + 27*c**2 + 7*c + 191. Let j be t(-27). Give d(j).
-64
Let u = -547 - -550. Suppose 0 = u*k - 4*b, 5*k + 29 = b - 4*b. Let z(m) be the second derivative of m**4/12 - m**3/6 - m**2/2 + m. Give z(k).
19
Let x(v) be the third derivative of v**5/60 + 11*v**4/24 + 5*v**3/3 - 43*v**2. Suppose 0 = 21*o - 15*o + 42. What is x(o)?
-18
Let b = -66388 - -66383. Let w(a) = -5*a**2 + 5*a - 1. Let v(y) = 3*y**2 - 2*y. Let t(z) = -7*v(z) - 4*w(z). Give t(b).
9
Let p(f) = -f**2 + f + 8. Let c be 2/((-28)/(-6)) + 40365/(-6279). What is p(c)?
-34
Let y(a) = -a**2 + 2*a + 3. Suppose 0 = -3*u - 51 - 261. Let z be 1/(-10) - 16/(3680/24817). Let q = u - z. What is y(q)?
-5
Suppose 10*q - 7*q - 216 = 0. Let o = -73 + q. Let g be ((12 - 8) + -3)/(1*o). Let x(c) = 4*c**3. Give x(g).
-4
Let f(k) be the first derivative of 13*k**2/2 + 9. Let q be (5/((-45)/6))/(4/(-54)). Suppose -2*b = 2*o - 3 - 7, -o - 2*b + q = 0. Calculate f(o).
13
Suppose -21*o - 83 = 190. Let f(q) = q**2 + 20*q + 91. Determine f(o).
0
Let t be (-135468)/(-198) - 8/44. Let s(d) = 686 + 2*d**2 + 9*d - t + 7*d. What is s(-7)?
-12
Let u(x) = x - 7. Suppose m = 5*r - 2*m + 266, -2*r - m = 102. Let z = 66 + r. Let v = -6 + z. What is u(v)?
1
Let x(f) = -2*f**2 - 28*f - 6. Suppose 11*i - 12*i + 58 = -4*v, 3*v + 4*i + 15 = 0. Give x(v).
20
Suppose 2*s - 6*s = -160. Let k = s + -38. Let w(x) = k*x + 5 - 6 - 3*x + 2. Determine w(0).
1
Let k = -1 - 2. Let g(p) be the first derivative of p**3/3 + 3*p**2/2 + 3*p + 48377. Give g(k).
3
Suppose 5 + 1 = r. Suppose -3*t - 24 + 7 = -4*n, 0 = -5*n + 2*t + 16. Let o(s) = s + 16 + n - 10 - s**2. What is o(r)?
-22
Let o(c) = -c**3 - 2*c**2 + 4*c + 5. Let w be -8 - (-6 - (0 + -2)). Determine o(w).
21
Let f(t) = -9 - 807*t + 808*t - 2. Let z(h) = -h**3 + 9*h**2 - 7*h - 4. Let s be z(8). Suppose -2*c - r + 4 = 3*c, s = -4*c + r. What is f(c)?
-11
Let k(r) = r**3 + 4*r**2 + 4. Let u be k(-4). Let v(i) = u*i + 3 - i**2 - 2*i + 23*i**3 - 22*i**3. Suppose 217*t - 218*t - 2 = 0. Calculate v(t).
-13
Suppose -16 = 39*b - 43*b + 4*u, -3*b - 2*u = 3. Suppose d + b = -3*p, -p = -5*d - 4*p + 31. Let q(a) = a**2 - 9*a - 6. Give q(d).
-14
Let f(j) be the third derivative of -j**7/35 + j**5/120 - 28*j**3/3 + 3*j**2 + 4*j. Let n(x) be the first derivative of f(x). Determine n(1).
-23
Let g = -585 + 595. Let h(j) = 162*j - 5*j**2 + 2*j**2 + 3*j**2 - j**2 - g - 168*j. Let b be ((-7)/2)/(1/2). Calculate h(b).
-17
Let w(t) be the second derivative of -1/20*t**5 - 12*t + 1/6*t**4 + 0 + 0*t**2 + 1/2*t**3. Suppose 2 - 8 = 3*i. Determine w(i).
10
Let k(d) = 2*d**3 - d - 2. Let n(t) = -5*t**3 - 3*t**2 - 2*t - 1. Let p(c) = 2*k(c) + n(c). Determine p(-3).
7
Let o(s) = -31*s - 7. Let r(x) = x**3 + 9*x**2 - 13*x + 102. Let v be r(-11). Calculate o(v).
-100
Suppose 11*c - 46 + 125 = 145. Let x(s) = -s**2 + 7*s + 8. What is x(c)?
14
Suppose -g + 0 = -4. Let z(d) = 13*d + 3. Let v be z(g). Let c = v - 56. Let q(a) = -16*a**2 - a - 1. What is q(c)?
-16
Let h(u) = -u**3 - 52*u**2 + 54*u + 35. Let f be h(-53). Let d(c) = -c**3 - 18*c**2 + 3*c + 42. Determine d(f).
-12
Let s(p) be the third derivative of -p**6/240 - p**5/24 - 19*p**4/6 + 133*p**2. Let w(d) be the second derivative of s(d). Determine w(-3).
4
Let i(n) = n**3 + 4*n**2 + 2*n + 3. Let q(j) = -44*j - 180. Let s be q(-4). Let t be ((-1)/(3/6))/(s/(-6)). What is i(t)?
6
Let o(v) = 17*v - 371. Let z(k) = -5*k**3 + 2*k**2 - 33*k - 92. Let y be z(-2